(4).
4
Let r(b) = -b**2 + 3. Determine r(0).
3
Let z(q) = 2*q**2 - 6*q - 8. What is z(-1)?
0
Let x(z) = z**3 - 56*z**2 - 374*z + 120. Determine x(62).
-4
Let d(f) = -f**2 - 3*f + 3. What is d(2)?
-7
Let l(n) = n**3 + 6*n**2 + 4*n + 5. Give l(-3).
20
Let h(u) = -u**2 + 7*u + 15. Give h(9).
-3
Let f(c) = c**3 - 6*c**2 - 3*c + 6. Calculate f(5).
-34
Let f(x) = 7*x**2 - 2*x + 1. Give f(1).
6
Let d(w) = -3*w**2 + 48*w + 77. What is d(18)?
-31
Let j(u) = 2*u**3 - 14*u**2 + 11*u - 15. Calculate j(6).
-21
Let z(u) = -6*u + 33. Give z(7).
-9
Let g(u) = -11*u - 67. Give g(-5).
-12
Let s(w) = -2*w - 8. Calculate s(-6).
4
Let g(f) = 3*f**2 - 3*f - 4. Determine g(-3).
32
Let d(w) = 11*w**2 + w - 1. What is d(2)?
45
Let u(c) = -c**3 + 5*c**2 + c - 5. Determine u(5).
0
Let j(g) = -11*g**3 - 3*g**2 - 3*g - 2. Calculate j(-1).
9
Let x(t) = -t. Determine x(-6).
6
Let x(c) = -c**2 + c + 8. Calculate x(4).
-4
Let z(b) = -3*b - 2. What is z(-3)?
7
Let u(k) = -4*k - 3. Calculate u(5).
-23
Let x(n) = -n**2 + n + 2. Determine x(2).
0
Let w(d) = d**2 + 8*d + 21. Determine w(-5).
6
Let n(o) = 43*o**2 + 9*o + 10. Determine n(-1).
44
Let b(o) = 3*o + 4. Give b(-2).
-2
Let m(u) = -u - 21. What is m(-8)?
-13
Let x(v) = 3*v - 2. Determine x(-7).
-23
Let l(r) = -r**2 - 15*r - 33. Determine l(-3).
3
Let m(j) = 25*j - 2. What is m(2)?
48
Let o(i) = -i**3 - 2*i + 4. Calculate o(3).
-29
Let t(u) = -35*u - 190. What is t(-6)?
20
Let o(s) = -6*s - 49. Give o(-7).
-7
Let t(c) = 3*c**3 + 5*c**2 - c + 3. Calculate t(3).
126
Let b(p) = 2*p**2 + 25*p - 17. What is b(-13)?
-4
Let z(n) = -15*n**2 + 2*n - 2. Give z(1).
-15
Let t(c) = -c**3 - 17*c**2 + 20*c - 25. What is t(-18)?
-61
Let f(x) = -7*x + 5. Determine f(2).
-9
Let s(j) = j**3 + 21*j**2 + 21*j - 2. Determine s(-20).
-22
Let p(u) = -u**2 - 19*u - 18. Determine p(-12).
66
Let n(z) = -5*z**3 + 4*z**2 - 7*z + 5. Determine n(2).
-33
Let k(x) = x**3 + 11*x**2 + 8*x - 21. Calculate k(-10).
-1
Let y(t) = t**3 - 7*t**2 - t - 1. Give y(6).
-43
Let j(m) = -m**3 - 15*m**2 - 14*m + 6. Determine j(-14).
6
Let g(a) = 3*a + 5. Give g(0).
5
Let i(f) = -f**3 + 19*f**2 + 14*f + 120. Determine i(20).
0
Let k(d) = d**3 - 16*d**2 + 30*d - 29. Determine k(14).
-1
Let t(p) = -p - 3. Calculate t(-4).
1
Let c(u) = -u**2 - 32*u - 97. Calculate c(-29).
-10
Let a(d) = d**2 + 22*d - 28. Determine a(-23).
-5
Let a(t) = t**2 + 9*t + 1. Give a(-8).
-7
Let w(f) = f - 2. Determine w(-1).
-3
Let i(j) = -j**3 + 7*j**2 + 4*j + 7. Calculate i(9).
-119
Let r(i) = -i**2 - 13*i - 37. Determine r(-4).
-1
Let y(x) = 5*x**2 + 2*x. Determine y(-3).
39
Let j(q) = -q**3 - q**2 - 4*q - 21. Give j(0).
-21
Let h(r) = -r**2 - 14*r - 18. What is h(-8)?
30
Let h(a) = -9*a + 5. Calculate h(2).
-13
Let b(s) = -s**2 - 24*s - 88. What is b(-20)?
-8
Let j(m) = -m**3 - 6*m**2 + 7*m + 36. Give j(-6).
-6
Let i(g) = -8*g**2. What is i(1)?
-8
Let t(k) = 8*k - 1. What is t(-7)?
-57
Let w(c) = -c**3 - 5*c**2 - 5*c - 1. What is w(-2)?
-3
Let h(p) = -p**2 - 5*p - 7. What is h(-5)?
-7
Let z(l) = -l**3 + 10*l**2 + 24*l - 7. What is z(12)?
-7
Let z(b) = -2*b**2 - 23*b - 7. Calculate z(-6).
59
Let d(a) = 2*a - 17. Give d(8).
-1
Let i(p) = -p**2 + 4*p - 4. Calculate i(-5).
-49
Let k(s) = -s**3 - 4*s**2 + 16*s - 11. What is k(-7)?
24
Let n(j) = j**3 + 10*j**2 - 8*j - 13. Determine n(-11).
-46
Let r(m) = m**3 + 2*m**2 - m - 6. Calculate r(-5).
-76
Let c(w) = -5*w - 2. Calculate c(3).
-17
Let q(u) = -u**2 - 5*u - 7. Determine q(-7).
-21
Let u(w) = 27*w**2 + 4*w + 6. Give u(-2).
106
Let z(g) = -g**2 + 18*g - 1. Give z(16).
31
Let a(t) = -t**3 - 3*t**2 + t + 5. What is a(-4)?
17
Let a(h) = -h**3 + 13*h**2 + 14*h - 33. Calculate a(14).
-33
Let t(m) = m**3 - 3*m**2 - 6*m. What is t(-2)?
-8
Let x(o) = 15*o**2 + 299*o - 23. Calculate x(-20).
-3
Let i(t) = -t**3 - 24*t**2 - 21*t + 39. What is i(-23)?
-7
Let m(u) = -5*u + 1. Determine m(3).
-14
Let o(h) = 6*h**2 - h - 15. What is o(5)?
130
Let i(w) = -w**3 + 8*w**2 + 8*w. Determine i(9).
-9
Let y(l) = l**2 - 19*l - 210. Give y(-8).
6
Let k(h) = -h**3 - 4*h**2 - 5*h - 6. Give k(-5).
44
Let a(j) = 2*j**2 + 22*j + 15. Determine a(-10).
-5
Let m(j) = j**3 - 10*j**2 + 12*j - 27. Give m(9).
0
Let g(r) = 2*r**2 + 31*r + 77. Determine g(-12).
-7
Let o(s) = -s**3 + 6*s**2 - 6*s + 19. What is o(6)?
-17
Let t(f) = -22*f**3 + 4*f**2 - 2*f - 3. Calculate t(2).
-167
Let r(m) = m**2 - 24*m + 99. Determine r(5).
4
Let x(i) = i - 26. Give x(22).
-4
Let r(z) = z**3 + 5*z**2 - 4*z - 5. Determine r(-5).
15
Let l(o) = -6*o + 8. What is l(-6)?
44
Let o(m) = m**3 - 7*m**2 + 3*m + 11. What is o(6)?
-7
Let p(l) = l**2 + 4*l - 7. Give p(-7).
14
Let a(w) = -w**2 + w + 137. Give a(12).
5
Let w(h) = -h**2 + 9*h - 10. What is w(3)?
8
Let x(d) = d**3 - 8*d**2 + 8*d - 2. Calculate x(7).
5
Let s(a) = -21*a + 1. Calculate s(-1).
22
Let f(g) = g**3 - 4*g**2 + g + 2. Give f(5).
32
Let c(j) = -j - 39. Give c(-25).
-14
Let z(r) = -2*r**2 - 17*r + 30. Determine z(3).
-39
Let p(i) = -i**3 + 23*i**2 + 25*i - 30. Give p(24).
-6
Let m(r) = r - 3. What is m(4)?
1
Let q(i) = i**3 + 14*i**2 + 32*i - 6. Calculate q(-11).
5
Let x(c) = -36*c + 121. Determine x(7).
-131
Let o(y) = y**3 - 18*y**2 - 41*y + 20. Determine o(20).
0
Let p(s) = -44*s + 52. Determine p(2).
-36
Let w(f) = 4*f**3 + 2*f**2 - 2*f + 1. Determine w(2).
37
Let a(t) = t**2 - 10*t + 43. What is a(6)?
19
Let l(k) = k - 13. Determine l(9).
-4
Let g(f) = 5*f - 2. What is g(9)?
43
Let o(n) = n**2 - 2*n - 6. Give o(-4).
18
Let q(s) = s**3 + 3*s**2 - 52*s + 12. Determine q(-9).
-6
Let l(j) = 6*j + 3. What is l(-5)?
-27
Let i(s) = s**2 - 21*s + 78. What is i(16)?
-2
Let w(c) = 93*c - 2. Calculate w(-1).
-95
Let o(p) = -p**3 + 64*p**2 - 349*p + 55. What is o(58)?
-3
Let a(u) = u**2 + 5*u - 41. Calculate a(-6).
-35
Let v(d) = d**3 + 12*d**2 + 32*d - 16. Give v(-8).
-16
Let r(a) = 5*a - 47. Give r(10).
3
Let h(k) = 26*k - 236. What is h(9)?
-2
Let h(b) = b**2 + 6*b - 52. Calculate h(-10).
-12
Let r(h) = -7*h - 9. What is r(-3)?
12
Let w(a) = -a**2 - 9*a - 13. Give w(-7).
1
Let x(s) = -s**2 + 30*s - 148. Determine x(23).
13
Let n(l) = -l**3 - 10*l**2 - 11*l - 30. Calculate n(-9).
-12
Let a(z) = z**3 - 38*z**2 + 35*z + 69. Calculate a(37).
-5
Let y(m) = 2*m**3 - 22*m**2 + 11*m. What is y(11)?
121
Let g(h) = -h**3 - 2*h**2 + 33*h - 11. What is g(-7)?
3
Let n(o) = 2*o**2 + 2*o + 1. Calculate n(-1).
1
Let p(s) = -10*s - 18. What is p(-4)?
22
Let x(r) = -2*r**3 + 32*r**2 + 33*r + 52. Determine x(17).
35
Let a(o) = o**2 + 18*o - 24. Give a(-21).
39
Let r(v) = 2*v**2 + 7*v - 12. Determine r(-5).
3
Let t(u) = 2*u + 36. Give t(-15).
6
Let j(x) = 2*x - 2. Calculate j(7).
12
Let n(u) = -u**3 + u + 5. Determine n(-4).
65
Let k(r) = r**2 - 11*r + 7. Calculate k(10).
-3
Let n(r) = 2*r**3 + 28*r**2 - 2*r - 22. Give n(-14).
6
Let w(c) = -7*c - 41. Calculate w(-6).
1
Let a(f) = -f**3 + 7*f**2 + 7*f - 3. Give a(8).
-11
Let i(c) = 12*c - 20. Give i(2).
4
Let f(m) = m**3 + 23*m**2 - 22*m + 27. What is f(-24)?
-21
Let y(z) = -z**2 - 9*z - 12. What is y(-6)?
6
Let k(i) = i**3 - 8*i**2 + 6*i. Calculate k(5).
-45
Let c(u) = -u**3 + 4*u**2 - u + 32. Calculate c(0).
32
Let a(z) = -3*z**3 + 3*z + 3. What is a(-2)?
21
Let l(f) = 2*f**2 - 29*f + 3. What is l(12)?
-57
Let i(j) = 2*j**2 - 12*j - 1. Give i(6).
-1
Let w(u) = 13*u - 35. What is w(4)?
17
Let f(j) = 2*j**2 - 11*j + 11. Determine f(3).
-4
Let s(r) = -2*r**2 - 4*r - 5. What is s(-4)?
-21
Let x(f) = f**2 + 4*f - 3. Determine x(-4).
-3
Let t(j) = 137*j - 542. Calculate t(4).
6
Let r(v) = -v**2 + 10*v + 61. What is r(14)?
5
Let f(o) = -o**3 + 21*o**2 - 18*o - 42. Determine f(20).
-2
Let y(m) = -3*m**2 - m - 1. What is y(3)?
-31
Let g(u) = -u**2 + 5*u - 4. Give g(1).
0
Let y(r) = 6*r - 10. What is y(-3)?
-28
Let q(u) = -u**2 + 6*u + 7. Give q(-2).
-9
Let l(j) = -j**3 - 14*j**2 + 2*j - 29. Calculate l(0).
-29
Let z(d) = -6*d + 3. What is z(3)?
-15
Let d(n) = 9*n**2 + 4*n - 3. Determine d(1).
10
Let d(i) = -5*i + 2. Determine d(-1).
7
Let k(u) = u + 7. Calculate k(15).
22
Let n(s) = s**2 + 7*s - 49. What is n(4)?
-5
Let d(g) = -71*g + 412. Determine d(6).
-14
Let f(c) = c**2 - 2*c - 6. Determine f(4).
2
Let c(n) = 11*n - 477. Give c(44).
7
Let p(f) = f + 31. Calculate p(-26).
5
Let z(s) = -26*s - 132. Determine z(-5).
-2
Let 